0000 (base 2) to base 10.
30528
Convert 1b883 (base 12) to base 7.
230343
Convert 746 (base 8) to base 16.
1e6
Convert 1853 (base 9) to base 4.
112101
Convert -27d (base 14) to base 10.
-503
Convert 11010111 (base 2) to base 6.
555
Convert -374a (base 12) to base 13.
-2aca
What is -1818 (base 10) in base 5?
-24233
What is 3003 (base 6) in base 4?
22023
What is -3838 (base 10) in base 9?
-5234
Convert 52013 (base 6) to base 9.
10440
-2482 (base 16) to base 3
-110211011
What is 120244 (base 5) in base 3?
20002210
Convert 60a (base 12) to base 10.
874
9407 (base 10) to base 6
111315
What is -142300 (base 7) in base 6?
-330044
-224 (base 11) to base 16
-10c
Convert 101111111010011 (base 2) to base 5.
1241111
Convert -11 (base 14) to base 9.
-16
What is 645 (base 9) in base 16?
20f
Convert 1101001111 (base 2) to base 4.
31033
21120 (base 5) to base 10
1410
Convert -14360 (base 8) to base 3.
-22202110
1165 (base 10) to base 15
52a
What is 16 (base 16) in base 6?
34
What is -1002002222 (base 3) in base 2?
-101001011100101
What is -3110023 (base 5) in base 16?
-c5ce
What is 220444 (base 6) in base 10?
18316
Convert -11a (base 16) to base 10.
-282
370 (base 13) to base 16
256
Convert 345010 (base 6) to base 14.
ab02
Convert -5cbc (base 15) to base 6.
-231240
What is -9c1 (base 15) in base 3?
-10000201
What is -4404 (base 11) in base 2?
-1011010110100
-169 (base 16) to base 9
-441
525 (base 15) to base 16
488
Convert -11179 (base 10) to base 16.
-2bab
Convert 210102220 (base 3) to base 15.
4970
Convert 11423 (base 8) to base 2.
1001100010011
Convert -962 (base 10) to base 7.
-2543
What is -1e1 (base 15) in base 3?
-121011
3022223 (base 4) to base 3
122210102
b84 (base 13) to base 9
2625
What is 300 (base 11) in base 16?
16b
Convert 5362 (base 9) to base 16.
f68
37a (base 15) to base 10
790
Convert aa1 (base 12) to base 8.
3031
What is 143403 (base 5) in base 10?
6103
Convert 20201210 (base 3) to base 10.
4908
Convert 165 (base 11) to base 3.
21010
Convert -3610 (base 10) to base 2.
-111000011010
What is 21212212 (base 3) in base 2?
1011001110011
-4c7 (base 16) to base 11
-a12
Convert 16100 (base 8) to base 13.
33a4
-103104 (base 5) to base 10
-3529
What is -1db (base 14) in base 12?
-285
What is -3215 (base 7) in base 5?
-14024
What is -54a (base 12) in base 11?
-648
What is 5f08 (base 16) in base 12?
120b4
What is -3202 (base 4) in base 6?
-1014
-631 (base 10) to base 8
-1167
Convert -1896 (base 16) to base 11.
-4802
What is 10012121 (base 3) in base 13?
10ab
What is -a4c (base 14) in base 4?
-133230
-a5c (base 15) to base 3
-10012120
What is -21023322 (base 4) in base 12?
-19936
What is ec5 (base 15) in base 7?
12503
What is -142002 (base 6) in base 12?
-7902
Convert -1013111 (base 4) to base 5.
-121230
What is 2023121 (base 4) in base 8?
21331
13102320 (base 4) to base 9
44880
97b (base 15) to base 6
13525
213 (base 16) to base 11
443
What is -1134032 (base 5) in base 4?
-11022112
1c63 (base 15) to base 8
14030
-15094 (base 12) to base 8
-71460
What is -1a22 (base 15) in base 11?
-4283
What is 4147 (base 8) in base 3?
2221200
Convert da4 (base 15) to base 10.
3079
What is 15d (base 14) in base 9?
340
Convert 1a7 (base 14) to base 3.
110201
What is -14a (base 14) in base 2?
-100000110
What is 1101001110111 (base 2) in base 3?
100021221
What is -2131 (base 7) in base 10?
-757
Convert -739 (base 11) to base 2.
-1101111001
34416 (base 10) to base 13
12885
-117 (base 12) to base 15
-ad
What is -3312 (base 7) in base 4?
-102201
What is 16345 (base 8) in base 9?
11128
What is -64241 (base 7) in base 15?
-4aa5
Convert 110011011001 (base 2) to base 15.
e94
-4b4 (base 14) to base 10
-942
Convert 488 (base 9) to base 4.
12110
-527 (base 10) to base 5
-4102
-335 (base 8) to base 3
-22012
Convert -1022001211 (base 3) to base 4.
-12033130
Convert -3b (base 16) to base 7.
-113
95 (base 11) to base 15
6e
789 (base 11) to base 6
4212
Convert -885 (base 12) to base 13.
-755
2226 (base 8) to base 16
496
1b88 (base 14) to base 6
35124
2b315 (base 13) to base 15
19394
What is -23000 (base 4) in base 5?
-10304
Convert -a8b5 (base 12) to base 13.
-85b5
-1520 (base 11) to base 15
-8a8
-10c1a (base 13) to base 10
-30612
What is -136400 (base 7) in base 10?
-26264
-11153 (base 9) to base 4
-1303323
Convert b546 (base 13) to base 3.
1021101112
22112 (base 4) to base 11
552
63ba (base 15) to base 9
31844
Convert -224313 (base 5) to base 13.
-38aa
Convert 12263 (base 13) to base 10.
33374
Convert 3032 (base 12) to base 11.
3a18
Convert 1951 (base 13) to base 8.
7310
What is 375 (base 12) in base 14?
293
Convert 365 (base 11) to base 15.
1de
12425 (base 7) to base 6
23142
Convert -20133002 (base 4) to base 6.
-424522
-14530 (base 8) to base 3
-22220022
What is -4130 (base 7) in base 13?
-86c
What is 111022 (base 4) in base 16?
54a
-56690 (base 11) to base 6
-1431412
-902 (base 16) to base 12
-1402
What is -20021333 (base 4) in base 15?
-9d72
Convert -32153 (base 11) to base 6.
-1000300
-2153 (base 8) to base 2
-10001101011
6581 (base 11) to base 3
102220111
20217 (base 8) to base 11
6298
-452555 (base 6) to base 16
-9557
What is 2212200020 (base 3) in base 15?
11ba0
Convert 2b08 (base 12) to base 4.
1032320
Convert 314 (base 6) to base 15.
7d
450 (base 8) to base 11
24a
Convert 30251 (base 7) to base 8.
16251
Convert 663 (base 13) to base 7.
3123
Convert -368 (base 14) to base 3.
-221012
Convert 302202 (base 4) to base 14.
1270
-4b3f (base 16) to base 7
-110106
-11121021 (base 3) to base 9
-4537
1826 (base 14) to base 7
15446
Convert 2121112 (base 3) to base 13.
b36
Convert 74580 (base 9) to base 8.
140250
-123b0 (base 14) to base 5
-2412041
-ca (base 13) to base 16
-a6
Convert 23311 (base 4) to base 16.
2f5
What is 41a5 (base 11) in base 2?
1010110111000
-5115 (base 6) to base 8
-2147
28f3 (base 16) to base 13
4a05
Convert 37ba (base 16) to base 7.
56410
What is -414142 (base 5) in base 9?
-20671
What is -ca8 (base 16) in base 3?
-11110000
What is -259 (base 11) in base 4?
-10302
Convert -218 (base 15) to base 13.
-2a5
Convert -859 (base 10) to base 3.
-1011211
Convert 4b79 (base 13) to base 16.
29fb
Convert 722 (base 8) to base 11.
394
What is -603 (base 8) in base 5?
-3022
What is 943 (base 15) in base 2?
100000101000
What is -22302023 (base 4) in base 12?
-2168b
What is -1495 (base 14) in base 4?
-321023
What is 10001110110111 (base 2) in base 8?
21667
What is -31300 (base 5) in base 3?
-2211212
-cbb7 (base 14) to base 8
-104655
What is 1111100000110110 (base 2) in base 6?
1210102
What is -2c (base 14) in base 7?
-55
Convert -6063 (base 11) to base 14.
-2d15
Convert -2445 (base 14) to base 5.
-200313
112000 (base 5) to base 7
14443
What is -645f (base 16) in base 7?
-134625
What is -65 (base 9) in base 12?
-4b
-5ea (base 15) to base 7
-3631
Convert -20a (base 16) to base 15.
-24c
What is -20501 (base 9) in base 14?
-4d04
-8d0 (base 14) to base 10
-1750
What is 93b (base 16) in base 9?
3215
What is -9c6 (base 13) in base 5?
-23213
-4d13 (base 16) to base 2
-100110100010011
What is 8608 (base 14) in base 7?
124311
What is 1b46 (base 14) in base 16?
1362
-1b7c (base 14) to base 7
-20415
-1020 (base 3) to base 16
-21
Convert -127 (base 13) to base 16.
-ca
-20303 (base 5) to base 11
-aa8
Convert -2545 (base 12) to base 11.
-31a5
313204 (base 6) to base 14
9348
350 (base 7) to base 8
266
Convert 2010211 (base 5) to base 13.
116c3
What is 122442 (base 6) in base 3?
120001022
Convert -184 (base 12) to base 11.
-202
Convert 13ab (base 16) to base 3.
20220111
Convert 2348 (base 10) to base 8.
4454
Convert -c431 (base 13) to base 8.
-64710
Convert -36831 (base 9) to base 15.
-74dd
Convert -1332 (base 6) to base 16.
-158
Convert d534 (base 14) to base 10.
36698
What is 84638 (base 9) in base 13?
1c5bc
-12102123 (base 4) to base 2
-110010010011011
Convert 43a (base 11) to base 13.
317
117b (base 16) to base 14
18b9
What is -14827 (base 9) in base 7?
-41410
Convert -1c8 (base 14) to base 16.
-174
What is -1253 (base 6) in base 8?
-501
-125 (base 6) to base 3
-1222
Convert 1699 (base 15) to base 5.
123434
a5b (base 16) to base 8
5133
What is -10112121 (base 3) in base 13?
-1237
What is -2ce (base 15) in base 14?
-340
Convert 596 (base 15) to base 6.
5510
What is cb24 (base 13) in base 